alculate 35 + (-4 - 1) - (-139 - -168).
1
What is the value of 38 + 12 + -18 + 31 + -6?
57
Evaluate 9 + -7 - 49 - -3 - 3.
-47
Evaluate (1 - 2) + 7 + -72 + (-10 - -68).
-8
What is the value of -79 + (200 - 152 - -70)?
39
What is the value of -10 - 5 - ((0 - 11) + 295 + -201)?
-98
What is -717 - -715 - (-10 + 3 + -10)?
15
What is 6 - 0 - (21 + -5 + 12)?
-22
What is the value of -126 + -3 + (-1993 - -2127)?
5
What is -1 - ((7 - 10) + 7 + -7) - (16 + -12)?
-2
Evaluate 22 + (-11 - (-33 + 12 + 11 + 6)) - -8.
23
Calculate (45 - 34) + (-2 - (0 + 2 - -2)) + 97.
102
Calculate 40 + 15 + -3 + 1.
53
121 - (93 + (-68 - -28) - 38)
106
Evaluate 21 + (490 - 509 - (-1 + -36) - 20).
19
What is 29 + 11 - -28 - 117?
-49
Evaluate (-9 - (-1 - (5 - -50))) + 2.
49
What is -118 - (-15 + -5 - (124 + -116))?
-90
Evaluate 4273 - 4277 - (1 + -1 - -3 - (2 + 106)).
101
4 - (-19 + 14) - (-6 + -3 + -2 + 2)
18
Calculate -93 + 97 + 5 + 24 + 5.
38
Calculate -38 + (-12 - 5 - -33 - -2) + -26.
-46
Calculate (48 - 43) + 0 + -5 - (3 - 35).
32
(6 - 4) + -10 + 50 - 69
-27
Calculate 1 + 2 - (-16 + 9).
10
Calculate (72 - (127 - -31)) + 57.
-29
What is the value of 71 + ((-12 - -95) + -36 - 16)?
102
What is the value of (35 - 15) + (44 - 28)?
36
Calculate -96 - -111 - -158 - 122.
51
(-8 - -46) + 12 + (-47 + 15 - -14)
32
What is (-16 - -14) + (-37 - -15) + 98 - 8?
66
What is the value of 3 - 79 - (267 + -306) - -89?
52
Calculate -641 + 632 - (0 - (1 - 0)) - 35.
-43
What is the value of 2 - 5 - ((-48 - 0) + 109)?
-64
(-6 - 3) + -2 + (-12 - (-7 + -6 - -37))
-47
Evaluate 25 + 12 + (-11 - -5) + -14.
17
109 + (-18 - -9 - 17 - (41 - 55))
97
Evaluate -19 + ((2 + -7 + -3 - -11) + -16 - -4).
-28
What is the value of 19 + -22 + (56 - (-2 + 0 + (-48 - -54)))?
49
What is the value of -34 - ((43 - 41) + -79)?
43
What is the value of (2 - (6 + 14)) + 30 + 96 + -5?
103
Calculate (1 - -3) + (7 + -2 - (-14 + -11 - -63)).
-29
Evaluate -105 - (-105 - (-71 + -6)).
-77
(-7 + 2 - 0) + (-96 - -100) + 80 + -2
77
What is 52 - (56 - -42) - -119?
73
Calculate 1 + -70 - (-3571 + 3497).
5
Calculate -221 - (107 + -169 - 49).
-110
(-19 - 1 - -1) + (700 - (-70 - -638))
113
What is the value of -45 - -112 - (-3 - 4)?
74
10 - 11 - (-12 - (-7 - 7))
-3
What is -792 - -814 - (34 - 1)?
-11
Evaluate (-46 - -5) + 33 - (1 - -13).
-22
(-284 - -167) + 112 + (-2 - -1) + -78 + -1
-85
38 - -47 - (36 + -4 + -16)
69
What is the value of -62 + 13 + (-3 - 3) + (-2 - (5 - 6))?
-56
What is the value of 66 + -70 + 148 + -79?
65
Evaluate 37 + (-9 + (13 - 17) - 2).
22
What is 10 + (11 - 10 - 14 - (1 + -3))?
-1
Calculate 42 - 27 - 35 - 27 - (-8 + 3).
-42
Evaluate -43 - -75 - (7 + 8) - (-2 + 35).
-16
Evaluate -133 + (4 - (-112 + 43)).
-60
Evaluate -139 + 158 - (18 - 10).
11
Calculate -21 + -115 - (51 + -104).
-83
Calculate -1 + (-130 - -119) + (128 - 1 - -5).
120
Calculate 0 - 15 - (-19 + 6 - -35) - (-11 - -1).
-27
Calculate 38 - (44 - 32 - -38).
-12
Calculate 47 + (15 - 37) + -33 - 56.
-64
What is the value of 42 - (90 + -116 + -33)?
101
Calculate 80 + 0 + -433 + 388.
35
Evaluate 0 + 20 - (27 + (-38 - (4 + -15))).
20
3942 - 3847 - (-1 + -28)
124
What is the value of (12 - -24) + -20 + -17 + (2 + -98 - 6)?
-103
What is (-7 - -10) + (1 - -19) + (-207 - -135)?
-49
What is the value of (21 + 16 - 44 - -21) + -5?
9
What is the value of -1 + -11 + -43 - (-9 - 8)?
-38
-96 - (36 - (-22 - -116))
-38
What is -1 + 3 + -1 + 15 + (1506 - 1509)?
13
What is the value of -294 + 290 + 1 + -58 + 0 + 3?
-58
What is -2 + 9 - (10 + (-21 + 9 - -28))?
-19
What is the value of 33 + (-91 - (43 - 81))?
-20
Calculate (2 - 61) + 87 + -93.
-65
Calculate -1 + 1 + -73 + 6019 + -6016.
-70
What is 9 + -8 + -2 + (-9 - (-3 - 25))?
18
What is the value of 123 + (33 - 144) + 124?
136
Calculate 39 - (-30 + 1 + -1556 + 1584).
40
-71 + (-61 - -127) - -64
59
What is (23 + -27 + -17 - -14) + -20?
-27
What is the value of 5 + 1 + -2 + (-2 - 1) - (-54 + 83)?
-28
Evaluate -6 + 27 + 0 + -24 + 20 + 2.
19
What is 41 + (0 - 21) - -8?
28
What is (12 - 4) + (-18 - (-20 - -12 - -2)) + -80?
-84
Calculate 32 + -34 + 19 + -16 + (6 - 4).
3
-72 - (9 - 11 - ((-5 - (5 - 10)) + 5))
-65
What is the value of 0 + -69 + 18 + (-13 - -12) + 5?
-47
What is (18 + -2 - 8) + 2 - (-2 - -68) - -9?
-47
Calculate 36 - 15 - (16 + (-22 - 7)).
34
-60 + (6 - (9 + 23)) + 26
-60
Calculate 10 - 3 - (-299 + 358).
-52
Evaluate -22 - (-33 - -128 - 41).
-76
Evaluate (4 - (-29 + 1 + 20)) + -22.
-10
Calculate -56 + 61 + (26 - 7) + -24.
0
-39 + -1 + 485 + -408
37
(-16 - (9 - (11 - -15))) + -19 - -17
-1
Evaluate (-143 - -46) + 164 + -52.
15
Calculate 108 + (4 - 1) + -159 + 180 + -32.
100
What is 67 + (19 - (14 - (-3 + 3)) - 1) + -12?
59
Evaluate (53 - 11 - 18) + -31.
-7
(7 - -17 - 5) + (-20 - -22)
21
What is the value of 35 + (-102 - -35 - -31)?
-1
What is the value of (4 - -1) + -21 - (-140 + 151)?
-27
-108 - (-27 - (8 - (50 - 20)) - (0 - 9))
-112
-39 + (69 - (-2 - -58))
-26
-73 - (72 - 52 - (46 - 4))
-51
What is the value of (-102 - (-120 - -60)) + 1 + 0 + (6 - 3)?
-38
What is -69 + (-2 - -1) - (9 - (49 - (-10 - -42)))?
-62
8 + (-95 + 99 - (0 + 12)) + 10
10
30 + -34 + -41 - (-52 + -55)
62
11 + (51 - 71 - (6 - 5))
-10
What is 1 - -7 - (3 + 22 - (-10 - -35))?
8
Evaluate -51 - -76 - -17 - 36.
6
Calculate -19 + -6 + 5 + 9 + 31.
20
What is the value of -240 - -241 - (64 + -1) - 14?
-76
Calculate -4 + (-30 - -58) - (6 + 7).
11
What is the value of -386 - -398 - ((6 - 10) + 12 - (-1 - -1))?
4
9 + (-32 - -11 - (-3 + -2)) + 31
24
Calculate 27 + -16 + 41 + (-8 - (-1 - -3)) + 5.
47
Calculate -22 + 86 + -2 + 0 + -24.
38
What is the value of 55 - -100 - 106 - 174?
-125
What is 29 + 38 + -46 - 18?
3
-1 + 5 - (-4 - -5 - (-37 + 9 + -10))
-35
What is (-4 - 14 - (-56 - 20)) + (-4 - 6)?
48
(-3 + 0 + 9 - (20 + -18)) + 115 + -184
-65
What is the value of 111 - 0 - (18 - -20 - (40 + -7))?
106
Evaluate -6 - (-4 + (13 - 9)) - (5 + 11 + -9).
-13
What is the value of (88 + 4 + 4 - 4) + -96 + (161 - 56)?
101
-46 + (-40 + 86 - 21 - -147)
126
What is (-140 + 111 - -5) + 84?
60
-359 + 322 - (1 + -16) - 6
-28
Evaluate 80 + 0 - (14 - ((-552 - -538) + 42 + 1)).
95
Evaluate -60 - (-101 - (77 + -52)).
66
What is the value of 1999 + -1958 + (-1 - 46)?
-6
What is the value of 80 + (22 - 109) + (1 - -9)?
3
What is the value of -7 + (-14 + (-60 - -138) - (13 - 0))?
44
7 + (-19 + -14 + 28 - -11 - 2) - 23
-12
What is the value of (-6 - (28 - 25)) + -7 + -62?
-78
What is -31 + 313 + -49 - 111?
122
What is the value of 26 + (11 - (106 + -129))?
60
What is 2 - (-3 - 42 - -3 - ((-22 - 1) + 35))?
56
Calculate -1 + 4 + (0 - 25).
-22
0 + -54 + (485 - 433) + (-36 - 2)
-40
What is 2 + (76 - (-147 + 165 + (-11 - -1))) + -7?
63
Calculate -14 + ((0 - -2) + -21 - (30 + -67)).
4
What is the value of (-1476 - -1449) + 71 + 2?
46
What is -40 - 4 - (-88 - (16 + 73))?
133
What is the value of -62 + -3 + (-6 - -47)?
-24
What is the value of -2 + 5 + 7 + -14 - (-20 - -29)?
-13
-98 + (-62 - -88 - -74)
2
What is the value of (1 - 64) + (9 - (-1 + -1)) + 922 + -942?
-72
What is -18 - (117 + 0 - ((-22 - -114) + -91))?
-134
14 + 16 + -66 + -12
-48
Evaluate 2 + -120 + 457 + -444.
-105
What is the value of 92 + -55 - 57 - -56?
36
What is the value of -19 + 5 + (-4 + 15 + 13 - 17)?
-7
Evaluate -65 + 99 + -37 - (-3 + 1).
-1
Evaluate -20 - (-11 - 86) - 61.
16
Evaluate 76 + (3 - 1) + (818 - 815) - 8.
73
Calculate 13 + (3 + 7 - 16) + (-8 + 46 - -13).
58
What is 12 + -37 + 67 + (-1 - 28)?
13
Evaluate 4 + 35 - (-247 + 317).
-31
Evaluate 54 + -20 + (-18 - 23).
-7
Evaluate 797 + -805 - (-25 + 3).
14
Evaluate -3827 + 3822 - (0 - 1 - (2 - (85 - -2))).
-89
(11 - (4 + 29) - -1) + -37
-58
(10 - ((8 - -12) + -10)) + (2 - -33)
35
What is 12 - -33 - (-6 + 2 + (7 - (5 - 6)))?
41
What is the value of 3 + (2 - 26) - (185 - (67 + 108))?
-31
What is -62 + 16 - -72 - -26?
52
Evaluate -5 + 7 - 82 - 0.
-80
Calculate (-3 + 1 + 3 - -78) + (56499 - 56524).
54
Calculate 84 + (99 - 183) + 70.
70
Evaluate -73 + 157 + -92 + -34.
-42
28 - -27 - (13 + 30)
12
What is the value of -44 + 54 + 12 + -26?
-4
What is 165 + -170 + (-70 - -27)?
-48
What is 45 - (25 + 52 + -31)?
-1
What is the value of 14 + (-1 + -8 - 0) + 6 - 4?
7
Evaluate -97 + (-30 - -37 - 1 - (-7 - -2)).
-86
What is -72 - 33 - (49 + -134)?
-20
What is 18 - (43 + (2